 What is the highest common factor of i and j?
35
Let k(n) = -5*n + 59. Let a be k(17). Let m be (6*1)/(a - -28). Calculate the greatest common factor of 18 and m.
3
Let v(n) be the first derivative of n**3/3 - n**2 - 11*n + 9. Let p be v(6). Calculate the greatest common divisor of p and 117.
13
Let k = -222 - -357. Let u be -5*(4/(-3))/((-15)/(-369)). Suppose -u = -4*i + 52. What is the greatest common divisor of i and k?
27
Let d(m) = 70*m**2 - 11*m + 10. Let f be d(1). Calculate the greatest common factor of 46 and f.
23
Suppose 6*v - 9*v = -39. Suppose -8*q = -v*q + 100. Calculate the greatest common factor of q and 10.
10
Suppose 200 = 6*a + 62. What is the highest common factor of 46 and a?
23
Suppose -a - 286 = -3*h, -105*a - 122 = -h - 110*a. What is the greatest common factor of 1261 and h?
97
Suppose -16*g - 176 = -38*g. What is the greatest common divisor of 144 and g?
8
Let w(b) = b**3 + 6*b**2 - 3*b + 13. Let q be w(-6). Let s(g) = 2*g - 44. Let t be s(q). What is the greatest common factor of 18 and t?
18
Let b(a) = a**2 + 32*a + 62. Let n be b(-30). What is the highest common factor of 242 and n?
2
Let k(z) = 7*z - 3. Let a be k(3). Let v = a + -14. Suppose 3*y = 3, g + 4*g - 46 = v*y. What is the highest common factor of g and 110?
10
Suppose 0 = 25*p - 33*p + 48. Suppose 0*t + p*t - 36 = 0. Let y(m) = -54*m**3 - m - 1. Let j be y(-1). Calculate the greatest common factor of j and t.
6
Let w be 203 - 6*(-4)/6. What is the highest common divisor of 18 and w?
9
Let i be (2 - -2)/2 + 19. Suppose 5*t = 297 + 323. Let o = t + -117. Calculate the greatest common factor of o and i.
7
Suppose 487*m - 475*m - 480 = 0. Calculate the highest common divisor of 464 and m.
8
Let x be 3 + (-80)/(-2) - -2. Let f be (-9)/x - 49/5. Let q be f/35 + (-242)/(-14). Calculate the highest common divisor of q and 136.
17
Let g be ((-53)/((-530)/120))/(3 - 1). Suppose d - 3*v = 6, -2*d + 30 = 3*d + 2*v. What is the greatest common divisor of g and d?
6
Let x = -63 + 154. Calculate the greatest common divisor of x and 14.
7
Let t(p) be the first derivative of -p**2/2 - p + 4. Let f be t(0). Let a be (-115)/(-20) - f/4. Calculate the greatest common factor of 18 and a.
6
Let o(v) = 23*v + 3 - 18*v - 39*v. Let l = -10 + 4. Let r be o(l). Calculate the highest common factor of 23 and r.
23
Let k be (-240)/(-50)*(-390)/(-12). Calculate the greatest common divisor of 36 and k.
12
Suppose -i + 49 = 2*g, -g = i - 303 + 278. Suppose -5*a + 100 = 5*t, -2*t - 128 = 6*a - 11*a. Calculate the highest common factor of a and g.
24
Let l = 124 + -120. Suppose 4*y - 2*i = 26, -3*y + 3*i + 11 + 10 = 0. Let f = 10 - y. Calculate the greatest common divisor of f and l.
4
Let f = 14 + 0. Suppose f + 6 = v. Let s(a) = -16*a - 126. Let d be s(-11). What is the highest common divisor of v and d?
10
Suppose 50*t - 430 = 370. Calculate the greatest common divisor of 856 and t.
8
Let q(y) = y**2 - 23*y + 23. Let o be q(20). Let k = o - -42. What is the greatest common divisor of 70 and k?
5
Let i be (-192)/36*(-1 - 17). Suppose -t + 264 = 10*t. Calculate the greatest common factor of i and t.
24
Let s(o) = 5 + 4 - 3*o + 0. Suppose 0 = -i - 13 + 5. Let h be s(i). What is the highest common divisor of 22 and h?
11
Suppose 47 - 159 = -7*h. Calculate the greatest common divisor of 1104 and h.
16
Suppose f - 5617 - 1978 = -5*n, 4*n = 2*f + 6062. What is the highest common factor of 276 and n?
138
Suppose -7*c = -4*s - 8*c + 2999, 2*c = -3*s + 2248. What is the highest common factor of s and 10?
10
Let b = 315 + -188. Let c = -67 + b. Let a = 14 + 1. What is the greatest common factor of a and c?
15
Let z(x) = 6*x**2 - 28*x + 232. Let t be z(8). Calculate the greatest common factor of 896 and t.
56
Suppose -5*x = 5*x + 80. Let k be 2 + (2/x)/((-6)/48). Suppose 0 = -2*t + 36 - 4. What is the greatest common divisor of k and t?
4
Let p(k) = 2*k + 206. Let j be p(-21). What is the highest common divisor of j and 246?
82
Suppose 15*c - 60 - 45 = 0. Suppose 7*k - 4*k - 363 = 0. Let m = -72 + k. Calculate the highest common factor of m and c.
7
Suppose -575 = 3*w - 8*w - 5*u, 355 = 3*w + u. What is the greatest common divisor of w and 168?
24
Let z be 24 - (-10)/(-15)*6. Let d be 35/(2*(-2)/(-16)). What is the highest common divisor of d and z?
20
Let f = 39 + -22. Suppose -57 = 5*z - 652. What is the highest common divisor of f and z?
17
Let w = 2 + 0. Suppose -6*h + 55 + 191 = 0. Suppose 0 = 2*x - 0*x - 3*y - 51, -2*x + y + h = 0. Calculate the highest common divisor of x and w.
2
Suppose 0 = 28*y + 23*y - 1122. What is the highest common divisor of y and 22?
22
Let l(j) = -j + 13. Let v be l(0). Let o = v + -1. Calculate the greatest common divisor of 72 and o.
12
Let f be 608/18 - 34/(-1071)*7. Calculate the highest common divisor of 4 and f.
2
Let k(f) = 91*f - 69. Let m be k(6). Calculate the highest common divisor of m and 106.
53
Let m(z) = 3*z**2 + 15*z + 41. Let u be m(-3). Calculate the greatest common factor of 851 and u.
23
Let z(h) = 22 - h + h + 4*h - 5*h. Let u be z(13). Calculate the highest common factor of u and 12.
3
Suppose -398 - 997 = -72*b - 83*b. Let h(q) = -3*q**3 - q**2 + 2*q + 2. Let f be h(-2). Calculate the highest common divisor of b and f.
9
Let g = -104 - -108. Suppose -5*c = -5*h - 130, c - 61 + 25 = -g*h. What is the greatest common factor of 28 and c?
28
Let t(d) = -2*d**2 - d + 4. Let p(w) = -1. Let z(k) = -7*p(k) - 2*t(k). Let g be z(-2). Calculate the greatest common divisor of 77 and g.
11
Let h be (13 + 444/(-48))/(6/280). What is the greatest common factor of h and 21?
7
Let h be ((-2)/(-4))/(2/12). Suppose h*w - 4*w = 0. Suppose w = z - 5 - 22. What is the greatest common factor of z and 18?
9
Suppose -p - 12*p + 39 = 0. Suppose -s + j = -30 - 15, -s - p*j = -49. What is the highest common factor of 69 and s?
23
Suppose 2*l = -0*l, 0 = 2*z - 2*l - 240. Let p = 413 - 365. What is the greatest common factor of p and z?
24
Let c be 2/(-8) - 505/(-20). Let x = 52 - c. Suppose 2*t + 5*p = -1, 5*t = 2*t + 2*p + x. What is the highest common factor of 63 and t?
7
Let g(t) = t**2 - 2*t - 1. Let f be g(5). Suppose -f = 4*p + 2. Let u be 0*(-1)/(-4) - p. Calculate the greatest common divisor of 44 and u.
4
Suppose -2*i - 3*r = 99 - 537, -2*i = 2*r - 440. What is the greatest common divisor of 6 and i?
6
Suppose 620 = 4*s + 4*d, -5*s = -3*d - 933 + 166. Calculate the greatest common factor of 56 and s.
14
Let u = 642 + -417. What is the highest common factor of u and 125?
25
Suppose 6*s + 4*g = 3*s + 30, 5*s - 50 = g. Let u be ((-2)/(-3))/((-9)/(-432)). Let b = u - 30. Calculate the greatest common factor of b and s.
2
Suppose -169*y + 185*y = 10240. What is the highest common factor of y and 400?
80
Suppose 3*h = 5*f + 110, 2*h + f - 17 - 78 = 0. Suppose -2*n + 27 = -3. Calculate the highest common factor of n and h.
15
Let j = 19 + 1. Suppose -j = -52*c + 50*c. Calculate the greatest common divisor of c and 15.
5
Let i(b) = b**3 - 3*b**2 - 6*b - 82. Let r be i(10). Calculate the greatest common factor of r and 18.
18
Suppose -4*i + 6 = 22. Let a(w) = 5*w - 1. Let n(v) = 27*v - 5. Let j(s) = -22*a(s) + 4*n(s). Let x be j(i). Calculate the highest common factor of 2 and x.
2
Suppose -2*x + 59 + 15 = -2*m, 4*m = -2*x - 142. Suppose 116 = -3*y + y. Let l = m - y. What is the greatest common factor of 110 and l?
22
Let w be -8 - 2*4/8*-4. Let k be (-120)/16*(w/(-5))/(-1). What is the highest common factor of k and 78?
6
Let y = 187 - 202. Let i be (-3 - (-2)/2) + 3 - y. Let s(o) = o - 2. Let w be s(6). What is the highest common divisor of i and w?
4
Let c = 6 - -3. Let z(h) be the first derivative of 3*h**2 + 9*h - 3. Let x be z(12). What is the greatest common factor of x and c?
9
Let o be ((-9)/(-6))/((-6)/(-352)). Let i = 157 - o. Suppose 2*k - 6 = 0, -v - 29*k = -24*k - 61. Calculate the highest common factor of v and i.
23
Suppose 41*a = 50*a - 1323. What is the greatest common divisor of 3 and a?
3
Let j(z) = 13*z**2 + 3*z + 4. Let v be j(-3). Let t(a) = 2*a**2 - 107*a + 501. Let o be t(5). Calculate the highest common factor of v and o.
16
Suppose 1 - 5 = h. Let y be (-1)/(-2*h/(-32)). Let a = -12 - -22. Calculate the greatest common factor of y and